{"id":4386,"date":"2023-05-10T13:26:47","date_gmt":"2023-05-10T13:26:47","guid":{"rendered":"https:\/\/meeek.modeltheme.com\/?page_id=2"},"modified":"2026-03-24T14:41:47","modified_gmt":"2026-03-24T14:41:47","slug":"sample-page-2","status":"publish","type":"page","link":"https:\/\/petitrose.com.br\/","title":{"rendered":"Principal"},"content":{"rendered":"\t\t<div data-elementor-type=\"wp-page\" data-elementor-id=\"4386\" class=\"elementor elementor-4386\">\n\t\t\t\t\t\t<section class=\"elementor-section elementor-top-section elementor-element elementor-element-546e21d elementor-section-boxed elementor-section-height-default elementor-section-height-default\" data-id=\"546e21d\" data-element_type=\"section\" data-settings=\"{&quot;background_background&quot;:&quot;classic&quot;}\">\n\t\t\t\t\t\t\t<div class=\"elementor-background-overlay\"><\/div>\n\t\t\t\t\t\t\t<div class=\"elementor-container elementor-column-gap-default\">\n\t\t\t\t\t<div class=\"elementor-column elementor-col-100 elementor-top-column elementor-element elementor-element-99e9c51\" data-id=\"99e9c51\" data-element_type=\"column\">\n\t\t\t<div class=\"elementor-widget-wrap elementor-element-populated\">\n\t\t\t\t\t\t<div class=\"elementor-element elementor-element-ffccaec elementor-invisible elementor-widget elementor-widget-about me\" data-id=\"ffccaec\" data-element_type=\"widget\" data-settings=\"{&quot;_animation&quot;:&quot;fadeInLeft&quot;}\" data-widget_type=\"about me.default\">\n\t\t\t\t<div class=\"elementor-widget-container\">\n\t\t\t\r\n\t\t<div class=\"meeek-about-me-container\">\r\n\t\t    <div class=\"meeek-about-me-img-holder\" style=\"text-align:center\">\r\n\t\t        <img decoding=\"async\" src=\"https:\/\/petitrose.com.br\/wp-content\/uploads\/2024\/12\/logo-1699209140-1733243282-f9b393d3a481a9b770e110a7b04c5df91733243283-320-0.webp\" width=\"320px\" height=\"128px\">\r\n\t\t    <\/div>\r\n\t\t    <div class=\"meeek-about-me-content\">\r\n\t\t        <div class=\"meeek-about-me-inner-content\">\r\n\t\t            <h2 class=\"meeek-about-me-title\" style=\"text-align:center\">\r\n\t\t                @amopetitrose\t\t            <\/h2>\r\n\t\t            <p class=\"meeek-about-me-description\" style=\"text-align:center\">\r\n\t\t                Voc\u00ea ainda mais linda &amp; estilosa!\t\t            <\/p>\r\n\t\t        <\/div>\r\n\t\t    <\/div>\r\n\t\t<\/div>\r\n\r\n    \t\t<\/div>\n\t\t\t\t<\/div>\n\t\t\t\t<div class=\"elementor-element elementor-element-b0afe17 elementor-widget elementor-widget-image\" data-id=\"b0afe17\" data-element_type=\"widget\" data-widget_type=\"image.default\">\n\t\t\t\t<div class=\"elementor-widget-container\">\n\t\t\t\t\t\t\t\t\t\t\t\t\t\t<a href=\"https:\/\/petitrosestore.com.br\/produtos\/pre-venda-perfect-combo-kit-3-t-shirts-algodao\/\">\n\t\t\t\t\t\t\t<img fetchpriority=\"high\" decoding=\"async\" width=\"1580\" height=\"700\" src=\"https:\/\/petitrose.com.br\/wp-content\/uploads\/2026\/03\/Banner-desktop-27.png\" class=\"attachment-full size-full wp-image-4747\" alt=\"\" srcset=\"https:\/\/petitrose.com.br\/wp-content\/uploads\/2026\/03\/Banner-desktop-27.png 1580w, https:\/\/petitrose.com.br\/wp-content\/uploads\/2026\/03\/Banner-desktop-27-300x133.png 300w, https:\/\/petitrose.com.br\/wp-content\/uploads\/2026\/03\/Banner-desktop-27-1024x454.png 1024w, https:\/\/petitrose.com.br\/wp-content\/uploads\/2026\/03\/Banner-desktop-27-768x340.png 768w, https:\/\/petitrose.com.br\/wp-content\/uploads\/2026\/03\/Banner-desktop-27-1536x681.png 1536w\" sizes=\"(max-width: 1580px) 100vw, 1580px\" \/>\t\t\t\t\t\t\t\t<\/a>\n\t\t\t\t\t\t\t\t\t\t\t\t\t<\/div>\n\t\t\t\t<\/div>\n\t\t\t\t<div class=\"elementor-element elementor-element-d61d08c elementor-shape-circle elementor-grid-0 e-grid-align-center elementor-widget elementor-widget-social-icons\" data-id=\"d61d08c\" data-element_type=\"widget\" data-widget_type=\"social-icons.default\">\n\t\t\t\t<div class=\"elementor-widget-container\">\n\t\t\t\t\t<div class=\"elementor-social-icons-wrapper elementor-grid\">\n\t\t\t\t\t\t\t<span class=\"elementor-grid-item\">\n\t\t\t\t\t<a class=\"elementor-icon elementor-social-icon elementor-social-icon-facebook elementor-repeater-item-6fa65a1\" href=\"https:\/\/www.facebook.com\/amopetitrose\" target=\"_blank\">\n\t\t\t\t\t\t<span class=\"elementor-screen-only\">Facebook<\/span>\n\t\t\t\t\t\t<svg class=\"e-font-icon-svg e-fab-facebook\" viewBox=\"0 0 512 512\" xmlns=\"http:\/\/www.w3.org\/2000\/svg\"><path d=\"M504 256C504 119 393 8 256 8S8 119 8 256c0 123.78 90.69 226.38 209.25 245V327.69h-63V256h63v-54.64c0-62.15 37-96.48 93.67-96.48 27.14 0 55.52 4.84 55.52 4.84v61h-31.28c-30.8 0-40.41 19.12-40.41 38.73V256h68.78l-11 71.69h-57.78V501C413.31 482.38 504 379.78 504 256z\"><\/path><\/svg>\t\t\t\t\t<\/a>\n\t\t\t\t<\/span>\n\t\t\t\t\t\t\t<span class=\"elementor-grid-item\">\n\t\t\t\t\t<a class=\"elementor-icon elementor-social-icon elementor-social-icon-instagram elementor-repeater-item-4c4baad\" href=\"https:\/\/instagram.com\/amopetitrose\" target=\"_blank\">\n\t\t\t\t\t\t<span class=\"elementor-screen-only\">Instagram<\/span>\n\t\t\t\t\t\t<svg class=\"e-font-icon-svg e-fab-instagram\" viewBox=\"0 0 448 512\" xmlns=\"http:\/\/www.w3.org\/2000\/svg\"><path d=\"M224.1 141c-63.6 0-114.9 51.3-114.9 114.9s51.3 114.9 114.9 114.9S339 319.5 339 255.9 287.7 141 224.1 141zm0 189.6c-41.1 0-74.7-33.5-74.7-74.7s33.5-74.7 74.7-74.7 74.7 33.5 74.7 74.7-33.6 74.7-74.7 74.7zm146.4-194.3c0 14.9-12 26.8-26.8 26.8-14.9 0-26.8-12-26.8-26.8s12-26.8 26.8-26.8 26.8 12 26.8 26.8zm76.1 27.2c-1.7-35.9-9.9-67.7-36.2-93.9-26.2-26.2-58-34.4-93.9-36.2-37-2.1-147.9-2.1-184.9 0-35.8 1.7-67.6 9.9-93.9 36.1s-34.4 58-36.2 93.9c-2.1 37-2.1 147.9 0 184.9 1.7 35.9 9.9 67.7 36.2 93.9s58 34.4 93.9 36.2c37 2.1 147.9 2.1 184.9 0 35.9-1.7 67.7-9.9 93.9-36.2 26.2-26.2 34.4-58 36.2-93.9 2.1-37 2.1-147.8 0-184.8zM398.8 388c-7.8 19.6-22.9 34.7-42.6 42.6-29.5 11.7-99.5 9-132.1 9s-102.7 2.6-132.1-9c-19.6-7.8-34.7-22.9-42.6-42.6-11.7-29.5-9-99.5-9-132.1s-2.6-102.7 9-132.1c7.8-19.6 22.9-34.7 42.6-42.6 29.5-11.7 99.5-9 132.1-9s102.7-2.6 132.1 9c19.6 7.8 34.7 22.9 42.6 42.6 11.7 29.5 9 99.5 9 132.1s2.7 102.7-9 132.1z\"><\/path><\/svg>\t\t\t\t\t<\/a>\n\t\t\t\t<\/span>\n\t\t\t\t\t\t\t<span class=\"elementor-grid-item\">\n\t\t\t\t\t<a class=\"elementor-icon elementor-social-icon elementor-social-icon-mail-bulk elementor-repeater-item-a914a29\" href=\"mailto:marketingpetitrose@gmail.com\" target=\"_blank\">\n\t\t\t\t\t\t<span class=\"elementor-screen-only\">Mail-bulk<\/span>\n\t\t\t\t\t\t<svg class=\"e-font-icon-svg e-fas-mail-bulk\" viewBox=\"0 0 576 512\" xmlns=\"http:\/\/www.w3.org\/2000\/svg\"><path d=\"M160 448c-25.6 0-51.2-22.4-64-32-64-44.8-83.2-60.8-96-70.4V480c0 17.67 14.33 32 32 32h256c17.67 0 32-14.33 32-32V345.6c-12.8 9.6-32 25.6-96 70.4-12.8 9.6-38.4 32-64 32zm128-192H32c-17.67 0-32 14.33-32 32v16c25.6 19.2 22.4 19.2 115.2 86.4 9.6 6.4 28.8 25.6 44.8 25.6s35.2-19.2 44.8-22.4c92.8-67.2 89.6-67.2 115.2-86.4V288c0-17.67-14.33-32-32-32zm256-96H224c-17.67 0-32 14.33-32 32v32h96c33.21 0 60.59 25.42 63.71 57.82l.29-.22V416h192c17.67 0 32-14.33 32-32V192c0-17.67-14.33-32-32-32zm-32 128h-64v-64h64v64zm-352-96c0-35.29 28.71-64 64-64h224V32c0-17.67-14.33-32-32-32H96C78.33 0 64 14.33 64 32v192h96v-32z\"><\/path><\/svg>\t\t\t\t\t<\/a>\n\t\t\t\t<\/span>\n\t\t\t\t\t<\/div>\n\t\t\t\t<\/div>\n\t\t\t\t<\/div>\n\t\t\t\t<div class=\"elementor-element elementor-element-37aee25 elementor-invisible elementor-widget elementor-widget-bio links\" data-id=\"37aee25\" data-element_type=\"widget\" data-settings=\"{&quot;_animation&quot;:&quot;fadeInLeft&quot;}\" data-widget_type=\"bio links.default\">\n\t\t\t\t<div class=\"elementor-widget-container\">\n\t\t\t\r\n\t<!-- Start rendering the output -->\r\n\t\t\t\t\t<div class=\"meeek-bio-links-container\">\r\n\t\t\t\t   \r\n\t\t                <div class=\"meeek-bio-links-inner-container\" style=\"background-color:\">\r\n\t\t\t\t\t\t    <div class=\"meeek-bio-links-img-holder\">\r\n\t\t\t\t\t\t        <img decoding=\"async\" src=\"https:\/\/petitrose.com.br\/wp-content\/uploads\/2026\/02\/5.png\" alt=\"my-image\">\t\t\t\t\t\t    <\/div>\r\n\t\t\t\t\t        <div class=\"meeek-bio-links-description\">\r\n\t\t\t\t                Mais vendidos\t\t\t\t\t        <\/div>\r\n\t\t\t\t\t        <div class=\"meeek-bio-links-inner-content \">\t\t\t\t        \t\r\n\t\t\t\t\t            <div class=\"meeek-bio-links-button\" style=\"background:\">\r\n\t\t\t\t\t            \t\t\t\t\t\t                \t&gt;\t\t\t\t\t                \t\t\t\t\t                \t\t\t\t\t                <div class=\"meeek-bio-links-icon\" style=\"color:#1e2330\">   \t\r\n\t\t\t\t\t            \t\t<svg aria-hidden=\"true\" class=\"e-font-icon-svg e-fas-arrow-right\" viewBox=\"0 0 448 512\" xmlns=\"http:\/\/www.w3.org\/2000\/svg\"><path d=\"M190.5 66.9l22.2-22.2c9.4-9.4 24.6-9.4 33.9 0L441 239c9.4 9.4 9.4 24.6 0 33.9L246.6 467.3c-9.4 9.4-24.6 9.4-33.9 0l-22.2-22.2c-9.5-9.5-9.3-25 .4-34.3L311.4 296H24c-13.3 0-24-10.7-24-24v-32c0-13.3 10.7-24 24-24h287.4L190.9 101.2c-9.8-9.3-10-24.8-.4-34.3z\"><\/path><\/svg>\t\t\t\t\t\t            <\/div>\r\n\t\t\t\t\t\t            \t\t\t\t\t            <\/div>\t\t\t\t        \t\r\n\t\t\t\t\t        <\/div>\r\n\t\t\t\t\t        <a target=\"_blank\" href=\"https:\/\/petitrosestore.com.br\/mais-vendidos\/\">\r\n\t\t\t\t\t        <\/a>\r\n\t\t\t\t\t    <\/div>\r\n\t\t        \t   \r\n\t\t                <div class=\"meeek-bio-links-inner-container\" style=\"background-color:\">\r\n\t\t\t\t\t\t    <div class=\"meeek-bio-links-img-holder\">\r\n\t\t\t\t\t\t        <img decoding=\"async\" src=\"https:\/\/petitrose.com.br\/wp-content\/uploads\/2026\/02\/3.png\" alt=\"my-image\">\t\t\t\t\t\t    <\/div>\r\n\t\t\t\t\t        <div class=\"meeek-bio-links-description\">\r\n\t\t\t\t                Compre pelo site\t\t\t\t\t        <\/div>\r\n\t\t\t\t\t        <div class=\"meeek-bio-links-inner-content \">\t\t\t\t        \t\r\n\t\t\t\t\t            <div class=\"meeek-bio-links-button\" style=\"background:#FFFFFF\">\r\n\t\t\t\t\t            \t\t\t\t\t\t                \t&gt;\t\t\t\t\t                \t\t\t\t\t                \t\t\t\t\t                <div class=\"meeek-bio-links-icon\" style=\"color:\">   \t\r\n\t\t\t\t\t            \t\t<svg aria-hidden=\"true\" class=\"e-font-icon-svg e-fas-shopping-basket\" viewBox=\"0 0 576 512\" xmlns=\"http:\/\/www.w3.org\/2000\/svg\"><path d=\"M576 216v16c0 13.255-10.745 24-24 24h-8l-26.113 182.788C514.509 462.435 494.257 480 470.37 480H105.63c-23.887 0-44.139-17.565-47.518-41.212L32 256h-8c-13.255 0-24-10.745-24-24v-16c0-13.255 10.745-24 24-24h67.341l106.78-146.821c10.395-14.292 30.407-17.453 44.701-7.058 14.293 10.395 17.453 30.408 7.058 44.701L170.477 192h235.046L326.12 82.821c-10.395-14.292-7.234-34.306 7.059-44.701 14.291-10.395 34.306-7.235 44.701 7.058L484.659 192H552c13.255 0 24 10.745 24 24zM312 392V280c0-13.255-10.745-24-24-24s-24 10.745-24 24v112c0 13.255 10.745 24 24 24s24-10.745 24-24zm112 0V280c0-13.255-10.745-24-24-24s-24 10.745-24 24v112c0 13.255 10.745 24 24 24s24-10.745 24-24zm-224 0V280c0-13.255-10.745-24-24-24s-24 10.745-24 24v112c0 13.255 10.745 24 24 24s24-10.745 24-24z\"><\/path><\/svg>\t\t\t\t\t\t            <\/div>\r\n\t\t\t\t\t\t            \t\t\t\t\t            <\/div>\t\t\t\t        \t\r\n\t\t\t\t\t        <\/div>\r\n\t\t\t\t\t        <a target=\"_blank\" href=\"https:\/\/petitrosestore.com.br\/?utm_medium=social&#038;utm_source=LINKTREE&#038;utm_campaign=COMPRE%20PELO%20SITE\">\r\n\t\t\t\t\t        <\/a>\r\n\t\t\t\t\t    <\/div>\r\n\t\t        \t   \r\n\t\t                <div class=\"meeek-bio-links-inner-container\" style=\"background-color:\">\r\n\t\t\t\t\t\t    <div class=\"meeek-bio-links-img-holder\">\r\n\t\t\t\t\t\t        <img decoding=\"async\" src=\"https:\/\/petitrose.com.br\/wp-content\/uploads\/2026\/02\/2.png\" alt=\"my-image\">\t\t\t\t\t\t    <\/div>\r\n\t\t\t\t\t        <div class=\"meeek-bio-links-description\">\r\n\t\t\t\t                Grupo VIP\t\t\t\t\t        <\/div>\r\n\t\t\t\t\t        <div class=\"meeek-bio-links-inner-content \">\t\t\t\t        \t\r\n\t\t\t\t\t            <div class=\"meeek-bio-links-button\" style=\"background:\">\r\n\t\t\t\t\t            \t\t\t\t\t\t                \t&gt;\t\t\t\t\t                \t\t\t\t\t                \t\t\t\t\t                <div class=\"meeek-bio-links-icon\" style=\"color:#1e2330\">   \t\r\n\t\t\t\t\t            \t\t\t\t\t\t\t\t            <\/div>\r\n\t\t\t\t\t\t            \t\t\t\t\t            <\/div>\t\t\t\t        \t\r\n\t\t\t\t\t        <\/div>\r\n\t\t\t\t\t        <a target=\"_blank\" href=\"https:\/\/chat.whatsapp.com\/BppvVDxeQUHKgOvzadW4q9?mode=ems_copy_t\">\r\n\t\t\t\t\t        <\/a>\r\n\t\t\t\t\t    <\/div>\r\n\t\t        \t   \r\n\t\t                <div class=\"meeek-bio-links-inner-container\" style=\"background-color:\">\r\n\t\t\t\t\t\t    <div class=\"meeek-bio-links-img-holder\">\r\n\t\t\t\t\t\t        <img decoding=\"async\" src=\"https:\/\/petitrose.com.br\/wp-content\/uploads\/2026\/02\/4.png\" alt=\"my-image\">\t\t\t\t\t\t    <\/div>\r\n\t\t\t\t\t        <div class=\"meeek-bio-links-description\">\r\n\t\t\t\t                Compre online pelo WhatsApp\t\t\t\t\t        <\/div>\r\n\t\t\t\t\t        <div class=\"meeek-bio-links-inner-content \">\t\t\t\t        \t\r\n\t\t\t\t\t            <div class=\"meeek-bio-links-button\" style=\"background:\">\r\n\t\t\t\t\t            \t\t\t\t\t\t                \t&gt;\t\t\t\t\t                \t\t\t\t\t                \t\t\t\t\t                <div class=\"meeek-bio-links-icon\" style=\"color:#1e2330\">   \t\r\n\t\t\t\t\t            \t\t<svg aria-hidden=\"true\" class=\"e-font-icon-svg e-fas-arrow-right\" viewBox=\"0 0 448 512\" xmlns=\"http:\/\/www.w3.org\/2000\/svg\"><path d=\"M190.5 66.9l22.2-22.2c9.4-9.4 24.6-9.4 33.9 0L441 239c9.4 9.4 9.4 24.6 0 33.9L246.6 467.3c-9.4 9.4-24.6 9.4-33.9 0l-22.2-22.2c-9.5-9.5-9.3-25 .4-34.3L311.4 296H24c-13.3 0-24-10.7-24-24v-32c0-13.3 10.7-24 24-24h287.4L190.9 101.2c-9.8-9.3-10-24.8-.4-34.3z\"><\/path><\/svg>\t\t\t\t\t\t            <\/div>\r\n\t\t\t\t\t\t            \t\t\t\t\t            <\/div>\t\t\t\t        \t\r\n\t\t\t\t\t        <\/div>\r\n\t\t\t\t\t        <a target=\"_blank\" href=\"https:\/\/wa.me\/5547992261797\">\r\n\t\t\t\t\t        <\/a>\r\n\t\t\t\t\t    <\/div>\r\n\t\t        \t   \r\n\t\t                <div class=\"meeek-bio-links-inner-container\" style=\"background-color:\">\r\n\t\t\t\t\t\t    <div class=\"meeek-bio-links-img-holder\">\r\n\t\t\t\t\t\t        <img decoding=\"async\" src=\"https:\/\/petitrose.com.br\/wp-content\/uploads\/2026\/02\/1.png\" alt=\"my-image\">\t\t\t\t\t\t    <\/div>\r\n\t\t\t\t\t        <div class=\"meeek-bio-links-description\">\r\n\t\t\t\t                Compre no atacado\t\t\t\t\t        <\/div>\r\n\t\t\t\t\t        <div class=\"meeek-bio-links-inner-content \">\t\t\t\t        \t\r\n\t\t\t\t\t            <div class=\"meeek-bio-links-button\" style=\"background:\">\r\n\t\t\t\t\t            \t\t\t\t\t\t                \t&gt;\t\t\t\t\t                \t\t\t\t\t                \t\t\t\t\t                <div class=\"meeek-bio-links-icon\" style=\"color:#1e2330\">   \t\r\n\t\t\t\t\t            \t\t<svg aria-hidden=\"true\" class=\"e-font-icon-svg e-fas-camera\" viewBox=\"0 0 512 512\" xmlns=\"http:\/\/www.w3.org\/2000\/svg\"><path d=\"M512 144v288c0 26.5-21.5 48-48 48H48c-26.5 0-48-21.5-48-48V144c0-26.5 21.5-48 48-48h88l12.3-32.9c7-18.7 24.9-31.1 44.9-31.1h125.5c20 0 37.9 12.4 44.9 31.1L376 96h88c26.5 0 48 21.5 48 48zM376 288c0-66.2-53.8-120-120-120s-120 53.8-120 120 53.8 120 120 120 120-53.8 120-120zm-32 0c0 48.5-39.5 88-88 88s-88-39.5-88-88 39.5-88 88-88 88 39.5 88 88z\"><\/path><\/svg>\t\t\t\t\t\t            <\/div>\r\n\t\t\t\t\t\t            \t\t\t\t\t            <\/div>\t\t\t\t        \t\r\n\t\t\t\t\t        <\/div>\r\n\t\t\t\t\t        <a target=\"_blank\" href=\"https:\/\/wa.me\/message\/FLT7ZYBC7LMJI1\">\r\n\t\t\t\t\t        <\/a>\r\n\t\t\t\t\t    <\/div>\r\n\t\t        \t   \r\n\t\t                <div class=\"meeek-bio-links-inner-container\" style=\"background-color:\">\r\n\t\t\t\t\t\t    <div class=\"meeek-bio-links-img-holder\">\r\n\t\t\t\t\t\t        <img decoding=\"async\" src=\"https:\/\/petitrose.com.br\/wp-content\/uploads\/2026\/01\/4.png\" alt=\"my-image\">\t\t\t\t\t\t    <\/div>\r\n\t\t\t\t\t        <div class=\"meeek-bio-links-description\">\r\n\t\t\t\t                Trocas e devolu\u00e7\u00f5es\t\t\t\t\t        <\/div>\r\n\t\t\t\t\t        <div class=\"meeek-bio-links-inner-content \">\t\t\t\t        \t\r\n\t\t\t\t\t            <div class=\"meeek-bio-links-button\" style=\"background:\">\r\n\t\t\t\t\t            \t\t\t\t\t\t                \t&gt;\t\t\t\t\t                \t\t\t\t\t                \t\t\t\t\t                <div class=\"meeek-bio-links-icon\" style=\"color:#1e2330\">   \t\r\n\t\t\t\t\t            \t\t<svg aria-hidden=\"true\" class=\"e-font-icon-svg e-fas-arrow-right\" viewBox=\"0 0 448 512\" xmlns=\"http:\/\/www.w3.org\/2000\/svg\"><path d=\"M190.5 66.9l22.2-22.2c9.4-9.4 24.6-9.4 33.9 0L441 239c9.4 9.4 9.4 24.6 0 33.9L246.6 467.3c-9.4 9.4-24.6 9.4-33.9 0l-22.2-22.2c-9.5-9.5-9.3-25 .4-34.3L311.4 296H24c-13.3 0-24-10.7-24-24v-32c0-13.3 10.7-24 24-24h287.4L190.9 101.2c-9.8-9.3-10-24.8-.4-34.3z\"><\/path><\/svg>\t\t\t\t\t\t            <\/div>\r\n\t\t\t\t\t\t            \t\t\t\t\t            <\/div>\t\t\t\t        \t\r\n\t\t\t\t\t        <\/div>\r\n\t\t\t\t\t        <a target=\"_blank\" href=\"http:\/\/wa.link\/urgx96\">\r\n\t\t\t\t\t        <\/a>\r\n\t\t\t\t\t    <\/div>\r\n\t\t        \t   \r\n\t\t                <div class=\"meeek-bio-links-inner-container\" style=\"background-color:\">\r\n\t\t\t\t\t\t    <div class=\"meeek-bio-links-img-holder\">\r\n\t\t\t\t\t\t        <img decoding=\"async\" src=\"https:\/\/petitrose.com.br\/wp-content\/uploads\/2026\/02\/6.png\" alt=\"my-image\">\t\t\t\t\t\t    <\/div>\r\n\t\t\t\t\t        <div class=\"meeek-bio-links-description\">\r\n\t\t\t\t                Tire suas d\u00favidas\t\t\t\t\t        <\/div>\r\n\t\t\t\t\t        <div class=\"meeek-bio-links-inner-content \">\t\t\t\t        \t\r\n\t\t\t\t\t            <div class=\"meeek-bio-links-button\" style=\"background:\">\r\n\t\t\t\t\t            \t\t\t\t\t\t                \t&gt;\t\t\t\t\t                \t\t\t\t\t                \t\t\t\t\t                <div class=\"meeek-bio-links-icon\" style=\"color:#1e2330\">   \t\r\n\t\t\t\t\t            \t\t<svg aria-hidden=\"true\" class=\"e-font-icon-svg e-fas-arrow-right\" viewBox=\"0 0 448 512\" xmlns=\"http:\/\/www.w3.org\/2000\/svg\"><path d=\"M190.5 66.9l22.2-22.2c9.4-9.4 24.6-9.4 33.9 0L441 239c9.4 9.4 9.4 24.6 0 33.9L246.6 467.3c-9.4 9.4-24.6 9.4-33.9 0l-22.2-22.2c-9.5-9.5-9.3-25 .4-34.3L311.4 296H24c-13.3 0-24-10.7-24-24v-32c0-13.3 10.7-24 24-24h287.4L190.9 101.2c-9.8-9.3-10-24.8-.4-34.3z\"><\/path><\/svg>\t\t\t\t\t\t            <\/div>\r\n\t\t\t\t\t\t            \t\t\t\t\t            <\/div>\t\t\t\t        \t\r\n\t\t\t\t\t        <\/div>\r\n\t\t\t\t\t        <a target=\"_blank\" href=\"http:\/\/wa.link\/urgx96\">\r\n\t\t\t\t\t        <\/a>\r\n\t\t\t\t\t    <\/div>\r\n\t\t        \t   \r\n\t\t                <div class=\"meeek-bio-links-inner-container\" style=\"background-color:\">\r\n\t\t\t\t\t\t    <div class=\"meeek-bio-links-img-holder\">\r\n\t\t\t\t\t\t        <img decoding=\"async\" src=\"https:\/\/petitrose.com.br\/wp-content\/uploads\/2026\/02\/7.png\" alt=\"my-image\">\t\t\t\t\t\t    <\/div>\r\n\t\t\t\t\t        <div class=\"meeek-bio-links-description\">\r\n\t\t\t\t                SALE\t\t\t\t\t        <\/div>\r\n\t\t\t\t\t        <div class=\"meeek-bio-links-inner-content \">\t\t\t\t        \t\r\n\t\t\t\t\t            <div class=\"meeek-bio-links-button\" style=\"background:\">\r\n\t\t\t\t\t            \t\t\t\t\t\t                \t&gt;\t\t\t\t\t                \t\t\t\t\t                \t\t\t\t\t                <div class=\"meeek-bio-links-icon\" style=\"color:#1e2330\">   \t\r\n\t\t\t\t\t            \t\t<svg aria-hidden=\"true\" class=\"e-font-icon-svg e-fas-arrow-right\" viewBox=\"0 0 448 512\" xmlns=\"http:\/\/www.w3.org\/2000\/svg\"><path d=\"M190.5 66.9l22.2-22.2c9.4-9.4 24.6-9.4 33.9 0L441 239c9.4 9.4 9.4 24.6 0 33.9L246.6 467.3c-9.4 9.4-24.6 9.4-33.9 0l-22.2-22.2c-9.5-9.5-9.3-25 .4-34.3L311.4 296H24c-13.3 0-24-10.7-24-24v-32c0-13.3 10.7-24 24-24h287.4L190.9 101.2c-9.8-9.3-10-24.8-.4-34.3z\"><\/path><\/svg>\t\t\t\t\t\t            <\/div>\r\n\t\t\t\t\t\t            \t\t\t\t\t            <\/div>\t\t\t\t        \t\r\n\t\t\t\t\t        <\/div>\r\n\t\t\t\t\t        <a target=\"_blank\" href=\"https:\/\/petitrosestore.com.br\/sale1\/?utm_medium=social&#038;utm_source=LINKTREE&#038;utm_campaign=categoria%20SALE\">\r\n\t\t\t\t\t        <\/a>\r\n\t\t\t\t\t    <\/div>\r\n\t\t        \t\t\t\t\t\t\t\t<\/div>\r\n\t\t\t\t\t\t\t\t\t\t\t\t\t\t\t\t\t<!-- End rendering the output finally-->\r\n\r\n\t\t<\/div>\n\t\t\t\t<\/div>\n\t\t\t\t\t<\/div>\n\t\t<\/div>\n\t\t\t\t\t<\/div>\n\t\t<\/section>\n\t\t\t\t<\/div>\n\t\t","protected":false},"excerpt":{"rendered":"<p>@amopetitrose Voc\u00ea ainda mais linda &amp; estilosa! Facebook Instagram Mail-bulk Mais vendidos &gt; Compre pelo site &gt; Grupo VIP &gt; Compre online pelo WhatsApp &gt; Compre no atacado &gt; Trocas e devolu\u00e7\u00f5es &gt; Tire suas d\u00favidas &gt; SALE &gt;<\/p>\n","protected":false},"author":1,"featured_media":0,"parent":0,"menu_order":0,"comment_status":"closed","ping_status":"open","template":"elementor_canvas","meta":{"footnotes":""},"class_list":["post-4386","page","type-page","status-publish","hentry"],"_links":{"self":[{"href":"https:\/\/petitrose.com.br\/index.php\/wp-json\/wp\/v2\/pages\/4386","targetHints":{"allow":["GET"]}}],"collection":[{"href":"https:\/\/petitrose.com.br\/index.php\/wp-json\/wp\/v2\/pages"}],"about":[{"href":"https:\/\/petitrose.com.br\/index.php\/wp-json\/wp\/v2\/types\/page"}],"author":[{"embeddable":true,"href":"https:\/\/petitrose.com.br\/index.php\/wp-json\/wp\/v2\/users\/1"}],"replies":[{"embeddable":true,"href":"https:\/\/petitrose.com.br\/index.php\/wp-json\/wp\/v2\/comments?post=4386"}],"version-history":[{"count":229,"href":"https:\/\/petitrose.com.br\/index.php\/wp-json\/wp\/v2\/pages\/4386\/revisions"}],"predecessor-version":[{"id":4760,"href":"https:\/\/petitrose.com.br\/index.php\/wp-json\/wp\/v2\/pages\/4386\/revisions\/4760"}],"wp:attachment":[{"href":"https:\/\/petitrose.com.br\/index.php\/wp-json\/wp\/v2\/media?parent=4386"}],"curies":[{"name":"wp","href":"https:\/\/api.w.org\/{rel}","templated":true}]}}